{"version":"1.0","provider_name":"Verdon Tourisme","provider_url":"https:\/\/www.verdontourisme.com\/it\/","author_name":"Verdon Tourisme","author_url":"https:\/\/www.verdontourisme.com\/it\/","title":"Col de Lachen - Verdon Tourisme","type":"rich","width":600,"height":338,"html":"<blockquote class=\"wp-embedded-content\" data-secret=\"aSGKogc0i4\"><a href=\"https:\/\/www.verdontourisme.com\/it\/informations\/patrimoine-naturel-it\/col-de-lachen-it-6176464id\/\">Col de Lachen<\/a><\/blockquote><iframe sandbox=\"allow-scripts\" security=\"restricted\" src=\"https:\/\/www.verdontourisme.com\/it\/informations\/patrimoine-naturel-it\/col-de-lachen-it-6176464id\/embed\/#?secret=aSGKogc0i4\" width=\"600\" height=\"338\" title=\"&#8220;Col de Lachen&#8221; &#8212; Verdon Tourisme\" data-secret=\"aSGKogc0i4\" frameborder=\"0\" marginwidth=\"0\" marginheight=\"0\" scrolling=\"no\" class=\"wp-embedded-content\"><\/iframe><script>\n\/*! This file is auto-generated *\/\n!function(d,l){\"use strict\";l.querySelector&&d.addEventListener&&\"undefined\"!=typeof URL&&(d.wp=d.wp||{},d.wp.receiveEmbedMessage||(d.wp.receiveEmbedMessage=function(e){var t=e.data;if((t||t.secret||t.message||t.value)&&!\/[^a-zA-Z0-9]\/.test(t.secret)){for(var s,r,n,a=l.querySelectorAll('iframe[data-secret=\"'+t.secret+'\"]'),o=l.querySelectorAll('blockquote[data-secret=\"'+t.secret+'\"]'),c=new RegExp(\"^https?:$\",\"i\"),i=0;i<o.length;i++)o[i].style.display=\"none\";for(i=0;i<a.length;i++)s=a[i],e.source===s.contentWindow&&(s.removeAttribute(\"style\"),\"height\"===t.message?(1e3<(r=parseInt(t.value,10))?r=1e3:~~r<200&&(r=200),s.height=r):\"link\"===t.message&&(r=new URL(s.getAttribute(\"src\")),n=new URL(t.value),c.test(n.protocol))&&n.host===r.host&&l.activeElement===s&&(d.top.location.href=t.value))}},d.addEventListener(\"message\",d.wp.receiveEmbedMessage,!1),l.addEventListener(\"DOMContentLoaded\",function(){for(var e,t,s=l.querySelectorAll(\"iframe.wp-embedded-content\"),r=0;r<s.length;r++)(t=(e=s[r]).getAttribute(\"data-secret\"))||(t=Math.random().toString(36).substring(2,12),e.src+=\"#?secret=\"+t,e.setAttribute(\"data-secret\",t)),e.contentWindow.postMessage({message:\"ready\",secret:t},\"*\")},!1)))}(window,document);\n\/\/# sourceURL=https:\/\/www.verdontourisme.com\/wp-includes\/js\/wp-embed.min.js\n<\/script>\n","description":"Col entre la vall\u00e9e du Verdon et celle de la Bl\u00e9one, il se situe au dessus de la Cabane de Boules. Ce col \u00e0 1901m d'altitude est acessible par un sentier."}

Col entre la vallée du Verdon et celle de la Bléone, il se situe au dessus de la Cabane de Boules. Ce col à 1901m d'altitude est acessible par un sentier.
